e the prime factors of m?
2, 151
What are the prime factors of 3/(-24) - (-839223)/56?
2, 59, 127
Let s(c) = -2*c**2 - 17*c - 5. Suppose -16 + 8 = t. Let d be s(t). Suppose -6*a + 5*a = -d*k + 279, 190 = 2*k - 2*a. What are the prime factors of k?
2, 23
Suppose 4*i = -x + 17, -i + 4*i = -2*x + 19. Suppose -3*j + 2575 = 5*g, 413 + 114 = g + i*j. List the prime factors of g.
2
Suppose -4*w - 6 = -d, 12 = 2*w + 2*w. Suppose -15*p + d*p - 3720 = 0. List the prime factors of p.
2, 5, 31
Let n(r) = -r + 9. Let d be n(6). Suppose 2*t + w - 1748 = -d*t, 5*w + 10 = 0. List the prime factors of t.
2, 5, 7
Let u(q) = -3 + 1 - 17*q + 0*q**2 - q**2. Suppose 2*w = -d - 18, -14*d - 30 = -11*d - 2*w. What are the prime factors of u(d)?
2, 29
Suppose 127 = -10*r + 407. Let y = 3 + 0. Suppose z + y*s = 14 + r, -z + s = -42. List the prime factors of z.
2, 3, 7
Let c(z) = 15*z**2 - 127 - 16*z**2 + 3*z + z**2 + z**2 + 18*z. List the prime factors of c(-42).
5, 151
Let n(q) = -7*q**3 + 4*q**2 + 7*q - 3. Let f be n(-3). Let z = f - -399. What are the prime factors of z?
2, 3, 5
Let n(m) = -3096*m + 1079. List the prime factors of n(-6).
5, 3931
Let l(x) = -77*x + 143. Let w = 65 - 71. List the prime factors of l(w).
5, 11
Let n(k) = 20*k**2 - 15*k - 83. What are the prime factors of n(-15)?
2, 11, 211
Let t = 2284 - -848. Suppose -56 - 19 = -5*i. Suppose -3*z = -i*z + t. List the prime factors of z.
3, 29
Let b(u) = u**3 + u**2 + 5*u - 9. Let c be ((-21)/(-6))/(-7)*2*-2. Let k be c + 4/(-12)*-6. List the prime factors of b(k).
7, 13
Let u be 33/11 + (2 - 2). Let y(f) = -f**2 + f + 2. Let v be y(u). What are the prime factors of 3/(12/v)*-14?
2, 7
Suppose -s + 388 = -22. Let t = s - 220. List the prime factors of t.
2, 5, 19
Let i = -76617 - -153793. List the prime factors of i.
2, 11, 877
Let x be ((-3)/(-3))/(-4*(-1)/16). Let k be -1*(-7 + -2 + x). Suppose -2*q = 4*p - 76, p - 10 + 156 = k*q. List the prime factors of q.
2, 3, 5
Let b be 3/(-12) + ((-554)/(-8) - 2). Let r = -49 + b. Let h = 54 - r. List the prime factors of h.
2, 3
Suppose 3*c + 25 = n - 135, 0 = -c - 2*n - 44. Let w be (-13)/(c/(-360)) + 4. Let j = 139 + w. List the prime factors of j.
53
Let f(n) = n**2 + 14*n + 48. Let r be f(-11). Suppose -4*l + 1936 = -4*o, 0 = -2*l - o + 986 - r. What are the prime factors of l?
5, 97
Suppose -36 = 3*j - 15*j. Let x(n) = 15*n + 27*n**2 - 50 - 5*n**2 + n**j + 55. List the prime factors of x(-21).
131
Suppose -3*d + 3*b = -15723, 46*d - 41*d - b = 26209. List the prime factors of d.
2, 2621
Let l be 1*(21/28)/(4/16). Suppose l*m = a - 128, 2*m = -4*a - a + 691. What are the prime factors of a?
137
Suppose -5*j - 21385 = -5*d, 72*j - 68*j = -3*d + 12880. What are the prime factors of d?
2, 3, 7, 17
Let f = 91 - 92. Let n be (14/(-3))/(f + 410/405). Let q = -158 - n. List the prime factors of q.
2, 5, 11
What are the prime factors of 33 + -36 - (0 + 2 - 15213)?
2, 1901
Suppose 3*t + 4*a + 117 = 302, -5*t - 5*a = -300. Let b = t - 41. List the prime factors of (8/b)/((-2)/(-7)).
2
Let d(c) = 2592*c**2 - 419*c + 421. What are the prime factors of d(1)?
2, 1297
Let d = -2372 + 4994. What are the prime factors of d?
2, 3, 19, 23
Let m(x) = 98*x**2 - 70*x - 389. List the prime factors of m(19).
97, 347
Let v(p) = 32*p - 17 + p**2 - 9*p**2 + 7*p**2. Let x be v(29). Suppose -x*f = -65*f - 275. What are the prime factors of f?
5, 11
Let n(p) = p**2 - 23*p + 49. Let c(z) = 29*z**3 - 1. Let u be c(1). Suppose 0 = -2*b + 7*b - 2*k - 131, -b + k + u = 0. List the prime factors of n(b).
3, 11
Let s = 49 + -1. Let y = s + -51. What are the prime factors of (-2 - 4/y)*(5 - 92)?
2, 29
Let n(u) = -8*u - 5. Suppose -2*c = -5*c. Suppose c = -p - y + 3 - 2, p - 2*y + 14 = 0. What are the prime factors of n(p)?
3
Let w(b) = 1. Let d(g) = 2*g - 32. Let n(k) = -d(k) - 4*w(k). Let t be (-54)/(1 - -5) - -1. What are the prime factors of n(t)?
2, 11
Let v = -2520 + 1250. Let w be v/(-60) + (-2)/12. Suppose -h = 2*m - 33, 97 = 4*h + m - w. What are the prime factors of h?
29
Let a = -8320 - -15661. What are the prime factors of a?
3, 2447
Let a(y) be the first derivative of 5*y**2/2 - 21*y - 35. Let d be a(6). Suppose -d*u + 15*u - 1638 = 0. List the prime factors of u.
3, 7, 13
Suppose 32*i + 186805 = 648117. List the prime factors of i.
2, 17, 53
Suppose 5*l = 4*l + 1. Suppose -5*p - 5*o = -725, -o + l = 3. List the prime factors of p.
3, 7
Let v(b) = b**3 + 13*b**2 + 8*b - 43. Let o be v(-12). Suppose 0 = -j + d + 645, -3*j - o*d = 2*j - 3235. What are the prime factors of j?
2, 17, 19
Let z = 9556 - 5468. What are the prime factors of z?
2, 7, 73
Suppose 1 = -4*l - 3. Let s be (4 - -24)/(-7)*l*1. List the prime factors of (-1062)/(-45)*10/s.
59
Let j = 30694 - 9246. List the prime factors of j.
2, 7, 383
Let z = -7 + 109. Suppose -z = -2*t + t. Suppose 22*y - 21*y - t = 0. What are the prime factors of y?
2, 3, 17
Let w(y) = -y**2 - 26*y - 121. Let q be w(-20). List the prime factors of (2308 - -20)*(4/(-6) - q).
2, 97
Let x(a) = a**3 + 66*a**2 + 93*a - 174. List the prime factors of x(-60).
2, 3, 19, 139
Let w(p) = -5*p + 52. Let y(c) = -5*c + 51. Let g(v) = -6*w(v) + 5*y(v). Let n be g(13). List the prime factors of 716/n + 3/6.
2, 3, 5
Let v be ((-46)/(-161))/(2/14). Let l(f) = 93 - f**v + 132 + 2*f - 50 + f**3. What are the prime factors of l(0)?
5, 7
Suppose 4*r + 76*a - 34092 = 72*a, r - 8520 = -2*a. What are the prime factors of r?
2, 3, 7, 29
Let z = 24715 + -1721. List the prime factors of z.
2, 11497
Suppose 0 = 8*o + 8*o + 368. List the prime factors of 4991/o*-2*2/4.
7, 31
Let l = -7763 + 11320. List the prime factors of l.
3557
Suppose 0 = -4*t + 37 + 23. Let k = 27 + t. Suppose 41*y + 98 = k*y. What are the prime factors of y?
2, 7
What are the prime factors of 7 + (1773 - (-35)/7) + -1 + -4?
2, 5, 89
Let c(b) = 2*b**2 + 8*b - 15. Let x be c(7). Suppose 12*w = -280 + 2788. Let a = w - x. List the prime factors of a.
2, 5, 7
Let s(f) = -f + 1. Let x be s(1). Let d(z) = 2*z**2 - z + 389. List the prime factors of d(x).
389
List the prime factors of 126640/32*(12/10 - 0).
3, 1583
Let h(f) = 2*f**2 - 2*f - 30. Let u(d) = -d**2 - d - 2. Let x be u(3). Let l be h(x). Suppose -l = -4*w - w. What are the prime factors of w?
2, 3, 13
Suppose 4*g - 6 = 6. Suppose -3*c = 3*a - 3, 14 - g = 3*c - a. Let y(v) = v**3 - 2*v**2 + 4*v + 4. What are the prime factors of y(c)?
5
Suppose -15*s + 7*s = 48. What are the prime factors of s/(-2) - 2169/(-9)?
2, 61
Suppose 0 = 4*y + 4*z + 172, -7*y + 11*y - 2*z + 148 = 0. List the prime factors of ((-16)/(-10))/((y/(-90))/13).
2, 3
Suppose -4*q = o - 9*q - 8624, 17248 = 2*o + 4*q. Suppose 17*l + 192 = o. List the prime factors of l.
2, 31
Suppose 13*j - 152966 = -9*j. Suppose -11*m + 362 + j = 0. List the prime factors of m.
5, 7, 19
List the prime factors of (54116 - 1) + 1*(-1 + -6).
2, 3, 167
Let n(m) = m**3 - 99*m**2 + 302*m + 58. List the prime factors of n(98).
2, 5, 401
Let p(z) = 277*z + 3117. What are the prime factors of p(74)?
5, 4723
Suppose 13 + 8 = 7*x. Suppose -5*z - 4*r = 7 + 15, 3*r = x*z - 3. Let b = 36 + z. List the prime factors of b.
2, 17
Let a be (-3 - 8) + -8 + 7. Let j(s) be the third derivative of -7*s**4/24 + 31*s**3/6 - s**2. List the prime factors of j(a).
5, 23
List the prime factors of (4 - 88/28) + (-19642656)/(-672).
29231
List the prime factors of (3960/(-231))/((-3)/(-2877)*-2).
2, 3, 5, 137
Let j(b) = -287*b + 99. Let x(g) = -17*g**2 + 68*g - 2. Let y be x(4). What are the prime factors of j(y)?
673
Let d(x) = 188*x + 2606. What are the prime factors of d(110)?
2, 3, 3881
List the prime factors of (8186/(-10))/(11/(-55)).
4093
Suppose -5*r - 51312 = -19*r + 141608. List the prime factors of r.
2, 5, 13, 53
Suppose o - 23*w + 28*w - 7297 = 0, -3*o + 5*w = -21791. List the prime factors of o.
2, 3, 101
Suppose 6558 = 6*j - 26869 - 151067. What are the prime factors of j?
97, 317
Suppose 17*k = 4*k + 65. Suppose 146 = -3*l + k*l. Let r = l + -30. What are the prime factors of r?
43
Suppose 5*o = k - 65293, -o = -5*k + 276694 + 49747. List the prime factors of k.
2, 8161
Let a = -418 + 422. Suppose -a*k + 3360 = -k. What are the prime factors of k?
2, 5, 7
List the prime factors of -1 + -2 - 3 - ((-30)/3 + -39